(-18)/(-4). Suppose -4*b + 137 = -5*p, 0*b = -3*p - 2*b - 91. Let h = y - p. Calculate the remainder when h is divided by 12.
11
Let f(w) = w**2 - 7*w + 6. What is the remainder when 16 is divided by f(7)?
4
Let v = -41 + 67. Calculate the remainder when v is divided by 14.
12
Let z be (-4)/10 + (-188)/(-20). Let l(t) = -t**3 + 9*t**2 + 2*t - 1. Calculate the remainder when l(z) is divided by 5.
2
Suppose -k - 4*k + 175 = 2*m, -17 = -k - 4*m. What is the remainder when k is divided by (2/(-4) - -1)*38?
18
Suppose -n = 5*d + n - 319, -2*d + 115 = 5*n. Let q = -7 - -24. Calculate the remainder when d is divided by q.
14
Let c(w) be the second derivative of -w**5/5 + w**3/2 + w**2/2 + 2*w. Calculate the remainder when c(-2) is divided by 10.
7
Suppose 3*c = 0, 0 = -3*v + 5*c - 0*c + 288. Calculate the remainder when v is divided by 14.
12
Let v(h) = 22*h**2 + 1. Suppose i - 3 = -15. What is the remainder when v(1) is divided by 5 + (-1)/(4/i)?
7
Let m = 4 + -1. Suppose 2*l = 3*i - 5 - 32, 0 = -m*i - 3*l + 27. Suppose 0 = 3*b - 6*b - f + 12, -2*b + 8 = f. What is the remainder when i is divided by b?
3
Let b(r) = r. Let z(f) = -3*f + 5. Let x(m) = -2*b(m) - z(m). What is the remainder when 15 is divided by x(9)?
3
Let g = 2 + -3. Calculate the remainder when g/(1/(-51)*1) is divided by 13.
12
Let v(p) = 2*p**2 + 4*p + 1. What is the remainder when v(-8) is divided by 10?
7
Suppose w + 23 = 36. What is the remainder when 22 is divided by w?
9
Let x = 8 - 4. Suppose -x*l + 10 = 2. Suppose -l*c = -u + 21, -4*u + 91 = 5*c + 20. What is the remainder when u is divided by 10?
9
Suppose 2*w - 33 = -w. Calculate the remainder when 32 is divided by w.
10
Suppose -y - 2*y + 69 = 0. What is the remainder when y is divided by 12?
11
Suppose 0*s = -5*s + 10. What is the remainder when 2 is divided by s?
0
Suppose 7*x - 839 = -307. What is the remainder when x is divided by 39?
37
Suppose 3*r - 8*m - 275 = -3*m, m + 495 = 5*r. What is the remainder when r is divided by 26?
22
Suppose 5*f - 41 = l + 2*l, 0 = -4*f + 4*l + 36. Calculate the remainder when 27 is divided by f.
6
Let u(k) = -k**3 - 5*k**2 - 5*k. Let z be u(-4). Suppose -z*d = -i, 4*i - 5*d - 14 = -3*d. What is the remainder when i is divided by 2?
0
Suppose 4*g = c - 4*c + 22, 4*g - 34 = -5*c. What is the remainder when c is divided by 4?
2
Let l = 72 + -55. What is the remainder when l is divided by 5?
2
Calculate the remainder when ((-536)/32)/((5/(-4))/5) is divided by 14.
11
Suppose -56 - 24 = -4*g. Calculate the remainder when 37 is divided by g.
17
Let s(v) = 3*v. Let f = -2 + 4. Calculate the remainder when s(1) is divided by f.
1
Let r be (8/(-6))/(4/18). Let k = r - -13. What is the remainder when 20 is divided by k?
6
Let w = 38 + -5. Suppose -2*z + w = z. Let t = 63 + -43. What is the remainder when t is divided by z?
9
Suppose -g + 178 = 15. Suppose 4*q = -p + g, -19 - 139 = -4*q - 2*p. What is the remainder when q is divided by 11?
9
Let q be -5*((-12)/5 - -2). Suppose 0*b = q*b - 76. What is the remainder when b is divided by 20?
18
Let t(w) = -3*w - 2. Let m(z) = 9*z + 3. Calculate the remainder when m(3) is divided by t(-6).
14
Let y = -92 - -164. Calculate the remainder when y is divided by 19.
15
Let h(s) = -s + 1. Let p(r) = -r - 2. Calculate the remainder when h(-5) is divided by p(-6).
2
Suppose -60 = -5*j + 5*v, 3*j = j - v + 18. Let n = 14 - j. Calculate the remainder when 13 is divided by n.
1
Let q = 5 + -1. Suppose -q*f = -2*f - 4. Suppose f*v - 2*u + 0*u = 22, 5*v - 2*u - 61 = 0. What is the remainder when 37 is divided by v?
11
Suppose -a + 24 = a + 4*k, a + 4*k = 16. Let f = 5 + -12. Let p = f + 21. Calculate the remainder when p is divided by a.
6
Let u(t) = -t + 16. Suppose 0 = g - 1. Calculate the remainder when 20 - g/(-2 - -1) is divided by u(5).
10
Suppose 19*g = 20*g - 5. Calculate the remainder when 9 is divided by g.
4
Let v = 118 + -42. Calculate the remainder when v is divided by 26.
24
Suppose 56 = 5*l - i, i - 5*i = 3*l - 29. Suppose 2*f + 10 = t, 3*t + 2*f = -0 + 14. What is the remainder when l is divided by t?
5
Suppose 0 = 5*d - 0*d + 195. Suppose 2*m + 55 = -a, -4*m + 2*a - 68 = 38. Let u = m - d. What is the remainder when 35 is divided by u?
11
Suppose 2*l = 6*l - 20. Let x = -4 + 9. Let v = 14 - x. What is the remainder when v is divided by l?
4
Let y(z) = -z + 2. Calculate the remainder when y(-5) is divided by 4.
3
Suppose 0 = 3*q - 0*q + l - 184, 277 = 4*q - 5*l. Suppose -5*m = -3*m - 3*h - q, 3*m - 132 = -3*h. What is the remainder when m is divided by 20?
19
Let u(l) = 3*l**2 + 6. Calculate the remainder when u(-5) is divided by 21.
18
Suppose 3 + 3 = 2*c. Let t = 46 + 3. What is the remainder when t is divided by ((-34)/c)/(4/(-6))?
15
Suppose 3*c + 3 = 12. Let b = 10 + -7. What is the remainder when b is divided by c?
0
Let r(m) = 5*m**2 - 9*m + 3. Let v(t) = 12*t**2 + t - 1. Calculate the remainder when r(4) is divided by v(1).
11
Suppose -5*x - 20 = -675. What is the remainder when x is divided by 22?
21
What is the remainder when 21 is divided by (-6 + 2/4)/(2/(-4))?
10
Suppose -5 - 11 = 4*j. Let r(a) = a**2 - a - 1. Let i(c) = -c**2 + 2*c + 1. Let z(m) = -5*i(m) - 6*r(m). Calculate the remainder when 2 is divided by z(j).
0
Suppose 0 = -4*b + 50 + 138. Calculate the remainder when b is divided by 12.
11
Let f(a) = -1. Let o(v) = 33*v**2 + 3. Let q(p) = 4*f(p) + o(p). What is the remainder when q(-1) is divided by 11?
10
Let w(s) = s**3 - 9*s**2 + 9*s - 1. Let f be 1/2 - 15/(-2). Let z be w(f). Calculate the remainder when 20 is divided by z*(2/(-1) + 3).
6
Let b be 7/(-5) + (-57)/95. Let d(l) = -16*l - 1. What is the remainder when 92 is divided by d(b)?
30
Let k(a) = 2*a**2 + a. Let x be k(1). Suppose 0 = x*w - 29 - 1. Calculate the remainder when w is divided by 9/1*(-12)/(-18).
4
Suppose 3*v = 5*j + 124, v - 3*j + 18 = 2*v. Suppose 15 = 4*d - v. What is the remainder when 23 is divided by d?
11
Suppose -h = 4*h + 3*u + 31, -3*u + 9 = 0. Let i(p) = -p**3 - 9*p**2 - 11*p + 7. What is the remainder when i(h) is divided by 11?
9
Let t be (-4)/(-2 + 31/16). Suppose -4*s = -t - 40. What is the remainder when s is divided by 7?
5
Suppose -22 = -4*v + 10. Suppose -1 = -2*x - 3*i - 3, i - 6 = -2*x. Calculate the remainder when v is divided by x.
3
Suppose -8 + 143 = 5*f. Calculate the remainder when 79 is divided by f.
25
Suppose 8*s = 2 + 30. What is the remainder when 14 is divided by s?
2
Let j = 46 - 14. Suppose -22 - j = -3*q. Calculate the remainder when 53 is divided by q.
17
Suppose -3*q + 2 = -q. Let a(i) = 22*i**2 + 1. Calculate the remainder when 4/(-8) - (-267)/6 is divided by a(q).
21
Let s be 2*(-13 + 2)/1. Let j = -3 - s. Suppose 0 = -3*t + t + 74. Calculate the remainder when t is divided by j.
18
Let l = 100 - 179. Suppose -4*t - 147 = -3*t. Let j = l - t. Calculate the remainder when j is divided by 23.
22
What is the remainder when (3/(-9))/((-1)/174) is divided by (-894)/(-45) - (-8)/60?
18
Let p = 23 - -2. Let t = p + 6. What is the remainder when t is divided by (-3 + -1)/((-1)/4)?
15
Suppose 72 = -0*k + 3*k + 5*v, k - 4*v - 24 = 0. Suppose -t + 5*t = k. Calculate the remainder when 38 is divided by t/21 + (-276)/(-14).
18
Let j(v) = v**3 + v**2 + v + 48. What is the remainder when j(0) is divided by 27 + (-4 - -6) + -4?
23
Let a = 62 + -29. What is the remainder when a is divided by -27*(10/6 - 2)?
6
Let z(n) = -n**2 - 5*n - 2. Let g be z(-4). Let f = 9 - g. Calculate the remainder when f is divided by 3.
1
Suppose q = 62 - 10. Calculate the remainder when q is divided by 18.
16
Let f(p) = -4*p + 8 + 0*p + p**2 - 2*p. What is the remainder when 15 is divided by f(6)?
7
Suppose 5*v + 3*o - 91 = 0, 4*v + o = 3*o + 86. What is the remainder when 33 is divided by v?
13
Suppose 20 = 4*q - o, -q - 3*o - 14 = -6. Suppose q*i - 34 = 2*i. Let x(j) = 2*j + 2. What is the remainder when i is divided by x(2)?
5
Suppose 2*o = -3*z + 10, -o + 6 = 3*o - z. Calculate the remainder when 14 - 0/(3 - 1) is divided by ((-30)/(-12))/(1/o).
4
Suppose -3*z + 144 = -8*j + 3*j, j = 2*z - 89. Calculate the remainder when z is divided by 11.
10
Let o be (8/20)/((-2)/(-20)). Suppose -o*b + 0*y + y = 5, -b = 4*y + 14. Let x = b - -12. Calculate th